7 is divided by k?
147
Suppose 4*r - 5*s - 120 = -r, -4*r - 4*s = -152. Calculate the remainder when 6754 is divided by r.
27
Suppose -3*z = 4*l - 1446 - 1050, -2500 = -4*l - 4*z. Calculate the remainder when 621 is divided by l.
0
Suppose 0*n - 12 = -3*n. Let o(f) = 32*f + 1. Let s be o(-3). Let m = s + 114. What is the remainder when m is divided by n?
3
Suppose -24*m + 21*m = -3. Let y be 1*(-1 + m)/(-1). What is the remainder when (-43 - 2)*(-1 - y) is divided by 23?
22
Let m = -13078 - -13259. Calculate the remainder when 669 is divided by m.
126
Let d = 68 + -66. Suppose -3*v + 3792 = -d*n, -3792 = -0*v - 3*v - 3*n. Suppose -v = -5*f - 3*f. Calculate the remainder when f is divided by 16.
14
Suppose 0 = 4*q - 3*q - 5*k - 24, 4*q + k = 33. Suppose z + 5 = q. Suppose 5*h + z*a = 4*h + 9, 3*a = 5*h - 68. Calculate the remainder when 37 is divided by h.
11
Let o = -50 - -57. Calculate the remainder when (36/(-8))/((o/(-20))/7) is divided by 19.
14
Let l = 209 - -8. Suppose 0 = 10*w + 47 - l. Calculate the remainder when w is divided by 13.
4
Suppose 75*q - 74*q = -87. Let g = 147 + q. Suppose -4*o = -5*v + g, v + 42 = 3*v + 2*o. What is the remainder when 26 is divided by v?
10
Let p = 128 - -174. Suppose 0 = 6*d - 0*d - 30. What is the remainder when p is divided by -3 - (d/(-15))/(1/66)?
17
Suppose -89 = 20*c + 1231. Let q = c - -74. Calculate the remainder when 15 is divided by q.
7
Suppose -3*z = 3*y - 180, 2*y - 50 = -z + 67. Suppose -18*k = -y - 141. Calculate the remainder when 40 is divided by k.
7
Let s be 8 - (90/(-25) + 3/5). Suppose 261 = -s*w + 2*w. Let u = 73 + w. Calculate the remainder when 173 is divided by u.
41
Suppose 685*y - 680*y = -v + 47, -3*y = -5*v + 39. What is the remainder when (1 - 0)*(45 + -1) is divided by y?
2
Let i be 15/((-105)/(-8))*21/6. Suppose -5*b = 5*m - 885, 0 = 2*m - i - 6. What is the remainder when b is divided by 20?
12
Let d = -11140 + 11344. Calculate the remainder when d is divided by -4*106*2/(-16).
45
Suppose 209*q - 205*q = 116. Calculate the remainder when 238 is divided by q.
6
Let m(u) = -u**2 + 8*u - 23. Let c be m(13). Let x = c + -75. Let g = -121 - x. What is the remainder when g is divided by 9?
6
Let y(r) = -r**3 + 7*r**2 - 6*r + 6. Suppose -6*o + 36 = 3*o. Suppose -s - 4 = -o*k, -2*s + 19 = 5*k + 14. Calculate the remainder when y(6) is divided by k.
0
Let r(z) = -2*z**3 + 72*z**2 + 2*z + 32. Suppose -4*m = 0, k + 3*m = m + 24. What is the remainder when r(36) is divided by k?
8
Suppose -19 = 2*n - 35. Calculate the remainder when 19 is divided by (-406)/126 + 2/9 + n.
4
Let s(n) = 19*n - 3. Let d be s(6). Suppose 4*h - 5*y = 293, 2*h = 2*y + d + 33. Calculate the remainder when h is divided by (-10 + (-1058)/(-115))/((-4)/70).
11
Let g = 8380 - 8205. Calculate the remainder when 535 is divided by g.
10
Suppose 13 = 4*p + 1. Suppose 0 = 5*f + c - 45, 3*f + 2 - 17 = -p*c. Suppose -4*o + 101 = 41. What is the remainder when o is divided by f?
5
What is the remainder when ((-69 - -63) + (-9)/(-6))*(-2238)/9 is divided by 35?
34
Suppose 161 = -26*z + 1045. Suppose z = 3*p - 2*q, 2*p = -5*q - 30 + 78. Calculate the remainder when 28 is divided by p.
0
Suppose -x + 4 = -12. Let j = 730488 + -730427. Calculate the remainder when j is divided by x.
13
Suppose -94*d = 43*d - 93*d + 44. Let s(l) be the first derivative of 10*l**3 - 2*l + 1. What is the remainder when s(d) is divided by 15?
13
Suppose 0 = 3*d + s - 1439, 0 = 4*d - 10*s + 9*s - 1921. Calculate the remainder when d is divided by 27.
21
Let n(j) = -j**3 + 3*j**2 + 44*j - 11. Suppose 5*l - 31 = -3*x, -3*l = 5*x - 5 - 4. What is the remainder when 34 is divided by n(l)?
13
Suppose 9*o - 728 = 22*o. Let t = o + 365. Calculate the remainder when t is divided by 13.
10
Let y(u) = -3*u**3 - 6*u**2 + 10*u + 5. Let o be y(5). Let t = 518 + o. Calculate the remainder when 162 is divided by t.
18
Let h = 682 + -1248. Calculate the remainder when ((-6)/24*18)/(3/h) is divided by 23.
21
Let u(h) = 20*h**2 + 3 + 43*h**2 - 3 - h. What is the remainder when 383 is divided by u(-1)?
63
Let g(m) = -5*m**2 - 42*m + 2. Let b(z) = 6*z**2 + 43*z + 1. Let w(j) = -3*b(j) - 4*g(j). Calculate the remainder when 15 is divided by w(-20).
6
Let z(r) = 10 - 7 + 2*r + 2*r. Let n = 2274 + -2264. What is the remainder when z(9) is divided by n?
9
Suppose y - 5*m - 35 = 0, 17*m = 12*m + 25. What is the remainder when 401 is divided by y?
41
Let g = -59 + 294. Let z(j) = -j + 83. What is the remainder when g is divided by z(24)?
58
Suppose 521 = -34*r + 9*r + 3196. Calculate the remainder when 1314 is divided by r.
30
Suppose -261*c + 236*c - 559 = -7434. Calculate the remainder when c is divided by 120.
35
Let r be 2*235/20*10. Suppose 311 = 4*d + 5*k, -r = -4*d + 2*k + 111. What is the remainder when d is divided by 22?
18
Suppose 4*w + 95 = 187. Let o(u) be the first derivative of -u**3/3 - 11*u**2/2 - 3*u + 17. Calculate the remainder when w is divided by o(-9).
8
Let k = 62 + -54. Let d be (-4 - -105) + -3 + -2. Suppose -69 - d = -11*v. Calculate the remainder when v is divided by k.
7
Suppose -5 + 7 = 2*j. Suppose -5*a + 24 = -j. Suppose -a*f - 17 = 2*g - 3*g, -3*f - 68 = -4*g. What is the remainder when 67 is divided by g?
16
Suppose -3*r - 3*d = -6234, -6*d - 6250 = -3*r - d. Suppose -5*w = 21*w - r. What is the remainder when w is divided by 14?
10
Let k(f) = 86*f + 10. Let w(i) be the first derivative of i**3/3 + 5*i**2/2 + 19*i + 15. Calculate the remainder when k(1) is divided by w(-6).
21
Let h(o) be the first derivative of -o**3/3 + 6*o**2 - 4*o + 5. Calculate the remainder when 46 is divided by h(11).
4
Let d(q) = -2*q + 5. Suppose -278 = -4*u + 2*w, -342 = -5*u + 5*w + 13. What is the remainder when ((-2)/4)/(u/(-9928)) is divided by d(-5)?
13
Let j(s) = 23*s**2 + 51*s + 1. Calculate the remainder when 632 is divided by j(-3).
27
Suppose 5*q + 0*q + 14 = 4*l, -5*q - 38 = 2*l. Let h(w) = -13*w - 70. Calculate the remainder when 149 is divided by h(q).
5
Let x(h) = -h**3 + 10*h**2 + 24*h - 74. Calculate the remainder when x(4) is divided by 5.
3
Suppose -711*i - 32351 = -884*i. Calculate the remainder when i is divided by 43.
15
What is the remainder when ((-18)/(-4) - 2)*(-19052)/(-110) is divided by 34?
25
Let r = -9165 + 11018. What is the remainder when r is divided by 45?
8
Calculate the remainder when 243/(-36)*12*-2*1 is divided by 73.
16
Suppose -15*y + 2035 + 65 = 0. Let g = 475 + -435. What is the remainder when y is divided by g?
20
Let u be (8 - -3)*(8 - 2). Suppose -u*x = -82*x + 1072. What is the remainder when x is divided by 2?
1
Let z = 24 + 32. Suppose g + 3*c - c = 4, 4*c = -g + 2. Suppose 0 = 2*t + g - 36. Calculate the remainder when z is divided by t.
11
Let q = 1114 + -1027. Suppose 3*v = -4*o + 15, -5*o + 5*v - 17 - 8 = 0. Suppose o*d = 3*d - 33. What is the remainder when q is divided by d?
10
Let i = -5 - 96. Let n = 103 + i. Suppose 4*v - 170 = n*j, 4*j + 79 = 3*v - 51. What is the remainder when v is divided by 15?
12
Suppose 0 = -5*g + 4*x + 109, -x - 24 = -g - 2. Calculate the remainder when 7789 is divided by g.
19
Let t(o) = 41*o + 9. Let y be t(14). Let i = -564 + y. Calculate the remainder when 512 is divided by i.
18
Suppose -4*j - 5*l = -0*l - 259, 0 = 4*j + 4*l - 264. Calculate the remainder when (22/55)/((-10)/(-7050)) is divided by j.
69
Suppose 236 = 5*q + 171. Let v(t) = t**2 - 9*t - 8. Calculate the remainder when 173 is divided by v(q).
41
Suppose z - 5*w = 866, w = -10*z + 1283 + 7275. Calculate the remainder when z is divided by 283.
7
Suppose 6*c - c + 20 = 0, j = c - 21. Let s(k) = k**2 + 21*k - 15. What is the remainder when s(j) is divided by 30?
25
Suppose -2*r + 70 = 2*d - 264, -4*r = 4. What is the remainder when 3355 is divided by d?
163
Let f(h) = h**3 + 8*h**2 + 14*h + 53. Let r be f(-7). Let g(j) = 49*j + 23. What is the remainder when g(r) is divided by 45?
39
Let j(s) = -s**3 - s + 5. Let l be j(5). Suppose -4*d = 5*n + 991, -5*n = -n - 3*d + 768. Let i = l - n. What is the remainder when i is divided by 18?
16
Suppose 12*s - 5*n + 17 = 8*s, 4*s + 7 = -5*n. What is the remainder when (6/((-36)/771) + s)*-2 is divided by 38?
35
Let g(l) = -1151*l**2 - 27*l - 27. Let i be g(-1). Let j = 